 factors of 154533464?
2, 1481, 13043
What are the prime factors of 40526723?
421, 96263
What are the prime factors of 117106329?
3, 19, 43, 47779
What are the prime factors of 11078518?
2, 11, 45779
What are the prime factors of 12001102?
2, 6000551
List the prime factors of 37689361.
4903, 7687
List the prime factors of 31741709.
31741709
List the prime factors of 12060413.
1709, 7057
What are the prime factors of 629700106?
2, 7, 479, 93901
What are the prime factors of 132809189?
2437, 54497
What are the prime factors of 1894519276?
2, 13, 36433063
What are the prime factors of 218478888?
2, 3, 59, 51431
What are the prime factors of 2832406746?
2, 3, 13, 59, 615473
List the prime factors of 545287584.
2, 3, 5680079
List the prime factors of 286122067.
7, 11, 41, 90631
What are the prime factors of 1641220000?
2, 5, 7, 19, 617
List the prime factors of 1294448265.
3, 5, 11, 2615047
What are the prime factors of 100177106?
2, 701, 71453
List the prime factors of 3515099086.
2, 37, 227, 209257
List the prime factors of 390985198.
2, 47, 113, 36809
List the prime factors of 3672169169.
43, 953, 89611
List the prime factors of 590827857.
3, 19, 919, 11279
List the prime factors of 1124642948.
2, 11, 13, 151243
What are the prime factors of 128932605?
3, 5, 37, 211, 367
What are the prime factors of 1144981331?
13, 17, 23, 225257
List the prime factors of 24722816.
2, 193147
What are the prime factors of 27690418?
2, 7, 29, 241, 283
What are the prime factors of 14198593?
443, 32051
List the prime factors of 304872593.
304872593
What are the prime factors of 1234642562?
2, 61, 10120021
List the prime factors of 190850122.
2, 107, 891823
List the prime factors of 832327876.
2, 37, 223, 25219
List the prime factors of 135419763.
3, 29, 313, 4973
What are the prime factors of 1429445662?
2, 373, 1916147
List the prime factors of 19150837.
3307, 5791
List the prime factors of 881954613.
3, 97994957
List the prime factors of 105569582.
2, 1721, 30671
What are the prime factors of 241696048?
2, 11, 131, 953
List the prime factors of 566279863.
566279863
What are the prime factors of 673442988?
2, 3, 29, 1935181
What are the prime factors of 189602875?
5, 7, 11, 19699
List the prime factors of 2201561375.
5, 13, 67, 73, 277
List the prime factors of 42629188.
2, 7, 29, 47, 1117
List the prime factors of 575910032.
2, 37, 149, 6529
List the prime factors of 1005930242.
2, 502965121
List the prime factors of 250690484.
2, 11, 19, 101, 2969
List the prime factors of 2185186006.
2, 9371, 116593
List the prime factors of 809016315.
3, 5, 17, 409, 7757
What are the prime factors of 80118526?
2, 4561, 8783
What are the prime factors of 978149015?
5, 195629803
What are the prime factors of 149097333?
3, 7, 11, 645443
What are the prime factors of 12367579?
7, 131, 13487
List the prime factors of 355455780.
2, 3, 5, 5924263
What are the prime factors of 1504095272?
2, 188011909
What are the prime factors of 975980695?
5, 19, 10273481
What are the prime factors of 89681368?
2, 7, 19, 12041
What are the prime factors of 610638798?
2, 3, 7, 11, 1321729
List the prime factors of 3576837408.
2, 3, 2819, 13217
What are the prime factors of 391419912?
2, 3, 13, 19, 66029
What are the prime factors of 1655974768?
2, 7, 271, 54559
List the prime factors of 54319913.
17, 163, 19603
What are the prime factors of 328669158?
2, 3, 54778193
What are the prime factors of 296512873?
296512873
What are the prime factors of 125083699?
13, 29, 257, 1291
What are the prime factors of 2136532503?
3, 7, 61, 1667863
What are the prime factors of 88143649?
11, 223, 35933
List the prime factors of 23889604.
2, 977, 6113
What are the prime factors of 68925565?
5, 17, 229, 3541
What are the prime factors of 1638878170?
2, 5, 1747, 93811
What are the prime factors of 473072417?
37, 12785741
List the prime factors of 492045585.
3, 5, 47, 697937
List the prime factors of 46901603.
7, 419, 15991
What are the prime factors of 1127102398?
2, 563551199
List the prime factors of 35976743.
11, 17, 11317
What are the prime factors of 210073675?
5, 7, 17, 241, 293
List the prime factors of 117134583.
3, 39044861
What are the prime factors of 2818894748?
2, 47, 79, 189799
What are the prime factors of 268778758?
2, 134389379
What are the prime factors of 184352169?
3, 101, 608423
List the prime factors of 1585520266.
2, 11, 17, 41, 103399
List the prime factors of 412866199.
17, 24286247
What are the prime factors of 868419435?
3, 5, 13, 4453433
List the prime factors of 1235274487.
1235274487
List the prime factors of 1831448797.
229, 317, 25229
List the prime factors of 3119821030.
2, 5, 311982103
List the prime factors of 25105726.
2, 19, 79, 8363
What are the prime factors of 4750366772?
2, 113, 10509661
List the prime factors of 10274885.
5, 17, 109, 1109
List the prime factors of 62555738.
2, 7, 2087, 2141
What are the prime factors of 28446359?
157, 409, 443
What are the prime factors of 2275530981?
3, 758510327
What are the prime factors of 827555760?
2, 3, 5, 383, 3001
What are the prime factors of 1152690221?
61, 73, 379, 683
List the prime factors of 137855790.
2, 3, 5, 23, 79, 281
What are the prime factors of 7197411262?
2, 3598705631
List the prime factors of 316406570.
2, 5, 89, 355513
What are the prime factors of 89505114?
2, 3, 137, 108887
List the prime factors of 109239096.
2, 3, 37, 123017
List the prime factors of 19165317.
3, 29, 220291
List the prime factors of 1839704539.
14083, 130633
What are the prime factors of 437319820?
2, 5, 7, 3123713
What are the prime factors of 127047872?
2, 7, 61, 4649
What are the prime factors of 649404987?
3, 7, 11, 57373
List the prime factors of 6083099638.
2, 7, 11, 39500647
List the prime factors of 398908818.
2, 3, 7, 11, 287813
What are the prime factors of 256368236?
2, 29, 43, 103, 499
What are the prime factors of 8395491866?
2, 37507, 111919
What are the prime factors of 338772487?
73, 4640719
What are the prime factors of 147947587?
47, 1201, 2621
List the prime factors of 66667621.
1951, 34171
List the prime factors of 183167034.
2, 3, 31, 59, 16691
List the prime factors of 81790548.
2, 3, 7, 109, 8933
List the prime factors of 155937003.
3, 51979001
What are the prime factors of 517405858?
2, 233, 1110313
What are the prime factors of 36988718?
2, 13, 47, 30269
What are the prime factors of 729315627?
3, 19, 163, 78497
What are the prime factors of 4491559304?
2, 193, 2909041
What are the prime factors of 57930578?
2, 1087, 26647
List the prime factors of 29706203.
1031, 28813
List the prime factors of 55801501.
7, 7971643
What are the prime factors of 82047503?
1123, 73061
List the prime factors of 1919019647.
1381, 1389587
What are the prime factors of 1203240573?
3, 89, 101, 107, 139
List the prime factors of 529987042.
2, 13, 601, 2609
What are the prime factors of 38551334?
2, 1567, 12301
What are the prime factors of 202112088?
2, 3, 439, 19183
List the prime factors of 24962583.
3, 8320861
List the prime factors of 5983464.
2, 3, 249311
List the prime factors of 26331380.
2, 5, 151, 8719
List the prime factors of 1567140405.
3, 5, 4349, 24023
List the prime factors of 3024827.
13, 17, 13687
List the prime factors of 23635377.
3, 29, 137, 661
List the prime factors of 184119564.
2, 3, 83, 184859
What are the prime factors of 1311154793?
13, 19, 1931, 2749
What are the prime factors of 1599497450?
2, 5, 173, 184913
What are the prime factors of 161954900?
2, 5, 1619549
List the prime factors of 45013542.
2, 3, 7, 137, 7823
What are the prime factors of 3109228401?
3, 1036409467
List the prime factors of 73423164.
2, 3, 6118597
What are the prime factors of 399638168?
2, 199, 373, 673
List the prime factors of 1535507090.
2, 5, 13, 97, 263, 463
What are the prime factors of 2304264798?
2, 3, 11, 23, 223, 2269
List the prime factors of 11762271.
3, 73, 17903
List the prime factors of 1298857188.
2, 3, 17, 6366947
List the prime factors of 20166204.
2, 3, 839, 2003
List the prime factors of 1544062840.
2, 5, 38601571
List the prime factors of 208639178.
2, 11, 179, 52981
What are the prime factors of 17357046?
2, 3, 7, 413263
List the prime factors of 1476190.
2, 5, 43, 3433
What are the prime factors of 1171683547?
61, 1